Let f(g) = 4*g**2 - 1 + 7*g + 4 - j*g**2. Calculate f(-5).
-7
Let u = -15 + 11. Let n(p) = 1 + 0 - 16*p + 21*p - p**3 - 3*p**2. Give n(u).
-3
Let n(g) = -g**3 - 2*g**2 - 2*g + 2. Let i(f) be the first derivative of f**4/4 + f**3 + 3*f**2/2 - f + 4. Let z(y) = -3*i(y) - 4*n(y). Give z(0).
-5
Let c(u) = u**3 - 3*u**2 - 4*u - 2. Suppose -4*x = -6*x + 26. Let n = x + -9. Determine c(n).
-2
Let v = -6 + 9. Let w(d) = 3 + d**v + 0 + 1 - 3*d - d**2 - 7. Give w(3).
6
Let j(w) = -4*w**3 + w**2 + w + 1. Let p(o) = -o - 5. Let i be p(-8). Suppose -i*q = q + 4. What is j(q)?
5
Suppose -4*n = 12, 5*n = 2*v + 4*n + 5. Let p(t) be the second derivative of t**4/12 + 2*t**3/3 - t**2 + 3*t. Determine p(v).
-2
Suppose 4*o - 5*p = -12, -3*p - 6 = 2*o - 6*p. Let k(w) = -w**2 + 4. Calculate k(o).
-5
Suppose 4*g - 1 = 3*g. Suppose 5 = -w + g. Let n(v) = -2*v - 5. Determine n(w).
3
Let l(y) = -y**3 + 3*y + 3. Let v be 3/(-5 - 42/(-12)). Determine l(v).
5
Let w = -6 - -16. Let g(z) = z**3 - 9*z**2 - 11*z + 5. Let m be g(w). Let x(n) = -n - 12. What is x(m)?
-7
Let u(j) = -j**3 - 2*j**2 + 2*j. Let l be 10/4*(-6)/5. What is u(l)?
3
Suppose -2*s + 4 = c, 3*c + s = -0*c + 32. Suppose j = -2*h, -j + 2*h = -4*j + c. Suppose -f = 2*f + j. Let g(t) = t**3 + t**2 + t + 1. Determine g(f).
-5
Let a(r) = -r**3 + 6*r**2 + 7*r - 6. Suppose -15*n + 11*n = -28. What is a(n)?
-6
Let d(w) = -w**3 - 4*w**2 - 4*w - 2. Suppose 16*c + 33 - 1 = 0. Give d(c).
-2
Let g(i) = 3*i + 0 + 4 + 0*i - 4*i. Suppose w - 1 = -t, 3*w - 4*t + 12 = -6. Let a = 2 + w. Give g(a).
4
Let m(h) be the second derivative of -h**3/6 - 5*h**2/2 + 7*h. Give m(6).
-11
Let d(a) be the second derivative of a**5/60 + a**4/12 + a**3/3 - a**2/2 - 2*a. Let f(u) be the first derivative of d(u). Let g = -9 + 6. Give f(g).
5
Let k(i) = 3*i**2 - 7*i - 5. Let m(q) = 7*q**2 - 14*q - 10. Let f(b) = -9*k(b) + 4*m(b). Calculate f(-7).
5
Let c(n) = -n**2 - 7*n - 6. Suppose -5*o + 1 = 21. What is c(o)?
6
Let d(s) = s + 2*s - 4*s. Let h be (3/6)/(3/24). Suppose z + 2*n = 1, 0*z + h*z - 3*n = -18. What is d(z)?
3
Let u be 1*1/(-1 + 0). Let g = u - -1. Let i(n) = -9*n + 10. Let s(w) = 5*w - 5. Let m(o) = 4*i(o) + 7*s(o). Determine m(g).
5
Let s = 23 - 11. Let u = 7 - s. Let w(c) be the third derivative of -c**6/120 - c**5/12 - c**2. What is w(u)?
0
Let r(u) = 3*u - 2. Let y be 2/(-8) - 43/4. Let a = -13 - y. Give r(a).
-8
Suppose -5*f + 3*x - 1 + 9 = 0, 4 = -4*x. Let o(t) = -t**2 + f + 4 - 4*t + 1. Give o(-5).
1
Let k(n) = n**3 + 5*n**2 + 5*n + 5. Let r be k(-4). Suppose 6 = 3*l - 0*l. Let v(g) = 2*g - l*g - g**2 + 1 - g. What is v(r)?
-1
Let y = -6 - -3. Let b(m) be the first derivative of 3*m**2/2 + 9*m - 1. Let r(a) = -1. Let f(j) = b(j) + 6*r(j). Give f(y).
-6
Let s(m) be the first derivative of -4*m + m**3 + 1/4*m**4 + 1 + 1/2*m**2. Give s(-3).
-7
Let k be ((-2)/(-2) - 4) + 1. Let j(d) = 4*d**2 - d - 2. Calculate j(k).
16
Let r(j) be the first derivative of j**2/2 - 4*j - 4. Determine r(-5).
-9
Let v(m) = m. Let x = 18 - 21. Calculate v(x).
-3
Suppose -x = -1, 2*x = -5*l - 0*x + 12. Let f(v) be the second derivative of -1/6*v**4 + 0*v**3 + 6*v + 0 + 1/10*v**5 - 1/2*v**2. What is f(l)?
7
Let v(n) = -n**3 + 3*n**2 - n + 4. Let g(m) = 6*m**3 - 16*m**2 + 5*m - 19. Let h(u) = -2*g(u) - 11*v(u). Determine h(0).
-6
Let j(v) = -5*v**2 + 12*v - 6. Let h(z) = -2*z**2 + 9*z - 4. Let m(o) = 5*o**2 - 26*o + 11. Let s(q) = -7*h(q) - 2*m(q). Let b(p) = 3*j(p) + 4*s(p). Give b(6).
-6
Let x(z) = -z - 4. Let a be 1/(-4) - (-1)/4. Let p be (-10)/(-5) + (-1 - -1). Suppose -l - 4*l = v + 23, -p*l - 3*v - 17 = a. Give x(l).
0
Let v be 1/2*(-1 + 9). Suppose -5*j + 0*j = 0. Let u(y) = -2 + j*y - 3*y - 5*y**2 + v*y**2. Determine u(-2).
0
Let o(y) = 6*y**3 - y**2 + 1. Let a be (2 + -1)/(-1)*-1. What is o(a)?
6
Let w(o) = -o**3 + o**2 - 2*o + 1. Let x be w(1). Let m = -2 + 4. Let n(g) = -g**2 + 4*g**2 + 0*g**m - 1. What is n(x)?
2
Let w(c) = -16*c + 1. Suppose 3*z = 4*a - 19, a + 0*z = 4*z + 21. Calculate w(a).
-15
Let a(d) = -9*d**3 - 12*d**2 - 23*d - 8. Let z(u) = 4*u**3 + 6*u**2 + 11*u + 4. Let p(o) = -3*a(o) - 7*z(o). Give p(-5).
11
Let r(w) = -3*w**2 - w. Suppose 0 = 4*a - 3*l + 39, 5*l - 1 = 24. Let u = -10 - a. Let f = u + 3. Calculate r(f).
-2
Let p(q) be the second derivative of -q**4/12 + q**3/6 - 7*q**2/2 + 30*q. What is p(0)?
-7
Let n(p) = -p**3 + 4*p**2 - 3*p. Suppose 0 = 4*j - 25 + 1. Let h(d) = d**2 + d + 2. Let a be h(2). Let k = a - j. Calculate n(k).
2
Let r(c) = -c**2 - 22*c + 2. Let j be r(-22). Let w(m) = m**2 + m. Determine w(j).
6
Let z(i) = -i**3 - 2*i**2 - i - 2. Let f be z(-2). Suppose -y = -0*y - 1. Let u(w) = -y + f*w**2 + w**2 - w - 3*w**2. Determine u(-1).
-2
Suppose 0*a + 6 = 2*a. Let z(t) be the first derivative of -1 - 8*t - 1/3*t**a - 1/2*t**2 + 1/4*t**4. Give z(0).
-8
Let m(f) be the second derivative of f**6/240 - 7*f**5/120 + f**4/12 - f. Let y(r) be the third derivative of m(r). Give y(5).
8
Suppose 0 = 2*n + 18 + 14. Let v be (2/4)/((-2)/n). Suppose 0 = -v*b - 11 - 5. Let z(h) = -h**3 - 4*h**2 + 3*h + 5. What is z(b)?
-7
Let k(y) = -y**2 - 2*y + 1. Suppose -4*x - x + l - 8 = 0, -5*x - 5*l + 10 = 0. Let n(c) = 2*c**2 + c + 1. Let i be n(x). Suppose i = -g - 0*g. What is k(g)?
1
Let q(o) = o - 2. Suppose -7*i - 190 = -12*i. Let z(r) = -r**3 - 4*r**2 + 3*r - 2. Let m be z(-5). Let y be i/(-8) + (-2)/m. Determine q(y).
-7
Suppose 7*p - 16 = 33. Let b(x) be the third derivative of -x**6/120 + 2*x**5/15 - 7*x**4/24 - 5*x**3/6 + x**2. Calculate b(p).
-5
Let g(a) = -a + 2. Let z(c) = -c**3 - 9*c**2 + 10*c + 3. Let x be z(-10). Suppose -x*s + 3 = -4*s. Calculate g(s).
5
Let p(a) = -9*a**3 + 4 + 9*a**3 - 2*a**2 - a - 3 - a**3. Give p(-2).
3
Let c(u) = -3*u. Let y(z) = -z. Let a be (-15)/(-21) + 4/14. Let d(p) = a*c(p) - 2*y(p). Calculate d(-3).
3
Let a(n) = -n**3 + 6*n**2 + 8*n - 10. Suppose -5*i + 53 = -27. Suppose 0 = -4*f + 3*d + i, 4*f - 4*d - 13 + 1 = 0. Calculate a(f).
-3
Let s(l) = l**2 - 5*l + 7. Suppose -5*g - 16 + 1 = 0. Let a be (-7)/g - 2/(-3). Suppose -5*b = -28 + a. Give s(b).
7
Let v(a) = -a - 2. Let d(b) = -1 + b + 1 - 2. Let n be d(0). What is v(n)?
0
Let a(f) = 9*f**2 - 5. Let z(j) = 9*j**2 - 4. Let q(b) = -2*a(b) + 3*z(b). Let i(y) = -5*y**2 + 1. Let t(m) = -11*i(m) - 6*q(m). Let l = 11 - 9. Determine t(l).
5
Suppose -5*l + 10 = -3*l, -4*m + 3*l = 7. Let r(d) be the second derivative of -d + 1/2*d**m + 0 + 5/6*d**3. What is r(1)?
6
Let x(c) = c - 4 - 6 + 1. What is x(5)?
-4
Let p(w) = 9*w + 11. Let v(l) = -5*l - 6. Let i(y) = 4*p(y) + 7*v(y). Give i(-5).
-3
Suppose 5*m - f - 4 - 11 = 0, -3*m + 17 = f. Let x(s) = s**2 + 0*s**2 - m*s + s**3 + 3*s. Suppose -8 = 5*l + 3*l. Give x(l).
1
Let g(l) = -l**3 - 10*l**2 - 7*l + 21. Let x be g(-9). Let u = 10 - 6. Let o(z) = -2*z - 1 + x*z - u. Calculate o(5).
0
Let f = 6 - 4. Let l(u) = 0*u**2 + u**3 - u - u**f + 0 + 1. Determine l(1).
0
Let m(t) = -7*t**2 - 3*t - 5. Let v(g) = 3*g**2 + g + 2. Let r(o) = -4*m(o) - 9*v(o). Suppose 5*n + 0*l + 18 = -3*l, n + 4*l + 7 = 0. What is r(n)?
2
Let t = -62 + 55. Let y(n) = -n**3 - 6*n**2 + 6*n - 2. Determine y(t).
5
Let i = 12/13 - 23/39. Let b(o) be the second derivative of 2*o + 0 - 5/2*o**2 - i*o**3. Give b(-5).
5
Let z(y) = -4 + 8*y + y**2 + 0*y - 4*y. Calculate z(-7).
17
Let m(c) = c**3 - 7*c**2 + c. Suppose 0 = t - 4*r - 7, 28 = 4*t - r - 4*r. Calculate m(t).
7
Let k(i) = 7*i - 8*i + 5*i. Let g(b) = b - 7. Let j be g(5). Determine k(j).
-8
Let r(m) = 2*m - 4. Let o be r(3). Let h(k) = 2*k**2 + k. Let c be h(-1). Let y(t) = -6*t + 2 + c - t. Give y(o).
-11
Let v(f) be the first derivative of -f**2/2 - 6*f + 1. Let z(l) = -3*l**3 - l**2 + 2*l - 1. Suppose -4*i - 6 = 3*g - 1, 3*i = -6. Let q be z(g). Determine v(q).
-3
Let h = -13 - -20. Suppose p + 3 = 2*p, 0 = 5*t + 5*p - 25. Let c(y) = 0*y + y + h*y**t + 1 + 3*y - 3*y. Determine c(-1).
7
Let o(y) be the first derivative of y**2/2 + 8*y + 2. Let s be 19*1/1 + -2. Let r = 12 - s. Give o(r).
3
Suppose d + 3 = -d - 5*u, -2*d + 5 = -3*u. Let m(v) = -2 - 5*v + d + 3*v. Let j be -4*(-1 - 2/(-4)). Calculate m(j).
-5
Suppose -5*j + 10 = 5*i, 2*j + 3*i = -0*j + 4. Let x(q) = q - 4. Calculate x(j).
-2
Let m(d) = d**2 + 8*d + 12. Let k be m(-4). Let c(h) = -h**3 - 3*h**2 + 4. What is 